-59*x - 292245. Is x a composite number?
False
Let k = 342 - 342. Suppose k = 502*g - 495*g - 17381. Is g composite?
True
Suppose -5*v + 15230 = -13*n + 12*n, 3*n = -5*v + 15230. Suppose 10*w = 7*w + 9, -4*y + 2*w + v = 0. Is y composite?
True
Suppose -53*x - 49*x = -108*x + 413142. Is x composite?
True
Let q(s) = -44218*s**3 - s**2 - 35*s - 34. Is q(-1) prime?
False
Suppose -1157*b = -1261*b + 1369576. Is b composite?
True
Let u = -22854 - -88225. Is u a composite number?
False
Let c = 313 - 313. Suppose c = 93*p - 88*p - 34105. Is p prime?
False
Let v(i) = i**3 + 128*i**2 - 313*i - 70. Is v(-123) composite?
True
Suppose 29*k - 33 = 26*k. Let n be 12/(-66) + 46/k. Is ((-37)/n)/(-5 - (-95)/20) composite?
False
Let r(g) be the second derivative of 28*g**3/3 - 15*g**2 - 23*g. Let u be r(-5). Let m = 569 - u. Is m a prime number?
False
Let i(h) = 36*h - 6. Let j(b) = 36*b - 5. Let x(c) = -6*i(c) + 7*j(c). Let t = 317 - 316. Is x(t) composite?
False
Let b(y) = 165*y + 21. Suppose -2*d + 22 - 24 = 0. Let t(v) = -v. Let p(j) = d*b(j) - 5*t(j). Is p(-8) a composite number?
False
Let t be ((-3)/(-6) - -1)/(27/54). Suppose -r + 2*f - 5774 = -t*r, 0 = 5*r - 2*f - 14435. Is r a composite number?
False
Suppose 5 - 27 = -4*r + 3*l, l - 10 = -3*r. Suppose 3*k = -7*g + 3*g + 19, -k - r*g + 1 = 0. Is (-1)/(-6)*k + 815/2 prime?
True
Suppose -1549*c = -1531*c - 2028870. Is c a prime number?
False
Suppose 45 = -5*j + 45. Suppose 3*c + 2*b - 14907 = j, 2*b + 14167 + 10678 = 5*c. Is c a prime number?
True
Let i = -274 + 628. Suppose 356*g - 15258 = i*g. Is g a composite number?
True
Let n(c) = -38*c**3 + 3*c**2 - 42*c - 46. Is n(-9) a prime number?
True
Let v(q) = -q**3 + 11*q**2 + 16*q - 12. Let x be v(11). Let m = x + -115. Is m prime?
False
Suppose -s = -2*d + 6, 8*s - 14 = -3*d + 7*s. Suppose 2*p - 295 = -d*n + 1941, p - 2*n = 1110. Is p a composite number?
True
Let b = -35098 - -24829. Let a = b + 18096. Is a a prime number?
False
Let w(o) = 121*o**2 + 21*o - 2. Let d be w(12). Suppose 8*g - d + 1170 = 0. Is g a prime number?
True
Let a = 26903 - -219768. Is a prime?
False
Suppose -f - b + 60142 = -42746, -f = -3*b - 102892. Is f composite?
True
Let h be 7/(56/62840) - -5. Suppose 0 = g + 1127 - h. Is g composite?
False
Let u(k) = -13743*k + 1166. Is u(-7) composite?
False
Suppose 3*i - 2*v - 16 = 0, -3 = 2*v + 7. Let g be (32/40)/(i/(-385)). Let r = 549 + g. Is r a prime number?
False
Let u(x) = 5*x**3 - 6*x**2 + 17*x + 19. Suppose 0 = -2*o + 17 - 1. Let n be u(o). Let r = n - 1082. Is r composite?
False
Suppose 0 = -1482*b + 1536*b - 29670462. Is b prime?
False
Let f be 0 + 4 + (10*3)/3. Suppose -b = f*j - 15*j + 112, 5*b + 221 = 2*j. Is j a composite number?
False
Suppose -85*v + 1981507 = -74*v. Is v a prime number?
True
Suppose -3 = -l - 0. Suppose l*j + 6 = -v, 5*j - v + 2 = 4*j. Is (-99)/(-18)*(-44)/j a prime number?
False
Suppose -61*r + 56*r + 12344865 = -5*x, -4*r = -2*x - 9875884. Is r prime?
True
Let p(y) = -y**3 - 5*y**2 - 5*y + 2. Let q be p(-3). Let l be (-4 - -2 - -705)/(q/(-10)). Suppose 4*s - 4*j - 28195 = j, 0 = -s - 5*j + l. Is s prime?
False
Let u be (8 - 4 - 4)*2/(-4). Let c(n) = 4*n. Let f be c(u). Is (-2)/9 - ((-9213)/27 - f) a prime number?
False
Is (-3087771 - -626)*1*-1 composite?
True
Suppose 17 - 2 = 5*g. Suppose g*h = 16*h - 355693. Is h prime?
True
Suppose -2*s + 5*i + 5069 = 0, 662 = s + 3*i - 1867. Let x be 1/(-6) - (-19)/6. Suppose -u - x*u + s = 0. Is u a composite number?
True
Let g(t) = 35242*t**3 + 43*t - 85. Is g(2) composite?
True
Let u be 276/18*(-2007)/(-2). Let c = u - 10670. Is c composite?
True
Let l(o) = 4671*o + 34. Let q be l(4). Suppose -j + q = 13*j. Is j composite?
True
Let f = -23913 + 52844. Is f a prime number?
False
Suppose -2799 = 5*s - 5*m - 18579, 8*m - 3111 = -s. Is s a prime number?
False
Is -12 - (19 + -152419 - -11) composite?
False
Suppose -3*c - 7*u - 27693 = -10*u, 2*c + u = -18477. Let g = c + 15481. Is g a prime number?
False
Let u be (-35)/5 - -3 - -50. Let i = u + -41. Suppose -d - 394 = -3*v, i*v - 4*d - 370 - 289 = 0. Is v prime?
True
Let m(j) be the first derivative of 581*j**2/2 - 90*j + 101. Is m(7) a composite number?
True
Suppose -b - 3*r + 601660 = 0, 5*b = r + 1663168 + 1345084. Is b a composite number?
False
Is (4690/21 + -6)*143301/148 a composite number?
True
Let k(x) be the first derivative of 7/2*x**2 + 2*x + 24 + 4*x**3. Is k(5) composite?
False
Suppose 2379 + 1957 = 8*h. Let f(g) = -132*g + 133*g + h*g**3 - 3 + 1. Is f(1) composite?
False
Let g be (-2)/(-3) + 80/24. Let y be (-3 + -1)/(g/(-2 - 0)). Suppose v - 307 = q - 6*q, 0 = y*v - 3*q - 640. Is v a composite number?
False
Let s = 36742 - 13319. Is s prime?
False
Let u = -181629 + 287076. Is u composite?
True
Suppose -2*w + 336 = 2*w. Let y = w - 80. Suppose 0 = b + 1, -2*b = -y*d + 950 + 8548. Is d a composite number?
True
Let z = 1221 + -543. Let a = 3020 + -3015. Suppose 6*b - a*b - 676 = -2*p, -2*b + z = 2*p. Is p a prime number?
True
Suppose 5*k = 2*k + 24. Suppose -6*b + k*b - 132 = 0. Suppose -m - b = -485. Is m composite?
False
Let b be (2 - -2*9)*318/12. Let a = b - 277. Is a a prime number?
False
Let z = 374480 - 141045. Is z prime?
False
Let w(y) = y**2 + y - 1. Let x(k) = -196*k**2 - 4*k + 5. Let s(p) = -4*w(p) - x(p). Is s(-2) a prime number?
False
Suppose 5*c = 2*h + 659927, -44*h + 395937 = 3*c - 42*h. Is c a prime number?
False
Suppose -3*i = 2*a - 64, 4*a + 40 + 52 = 4*i. Let o be 41246/i - 2/(-11). Let c = 3460 - o. Is c a composite number?
True
Let b(f) = 6*f**3 + 2*f**2 - 6*f + 64. Let m be b(-22). Let j = -16463 - m. Is j a composite number?
False
Let f(t) = -t + 12. Let l be f(7). Suppose -3*m - 3*d = 2*d - 12594, 3*d = -4*m + 16792. Suppose l*x = 3*x + m. Is x prime?
True
Let y(q) = 155914*q**2 - 51*q + 9. Is y(2) prime?
True
Let d(o) = 6 - 140*o + 140*o + 6*o**2 + 18. Let v be d(-8). Suppose -2*t = 5*w - 417, 2*t + 2*w - v = -0*t. Is t a prime number?
False
Let z be ((-257095)/(-4))/(-5) + 12/(-48). Let d = -6724 - z. Is d composite?
False
Let z(h) = 4*h**2 - 4*h. Suppose -2*i - 5*i = 35. Let y be z(i). Let s = y + 37. Is s a composite number?
False
Suppose b = 55 - 15. Let y = b + -22. Is (-5264)/(-10) + y/30 a prime number?
False
Suppose 0 = 6*d - 0*d - 36. Suppose -228 = 4*j + u, u + 285 = j - d*j. Is 62*j/(-6) + 2 prime?
False
Let l(i) = i**2 - 11*i - 17. Let z(d) = -2*d**2 + 11*d + 16. Let a(w) = 3*l(w) + 2*z(w). Let h be a(-9). Is (-2362 + -5)*h/3*1 prime?
False
Let w(a) be the second derivative of -a**5/20 - 5*a**4/12 - a**3/3 + 7*a**2/2 + 11*a. Let f be w(-3). Is f - 1/(-1) - -413 a prime number?
True
Let p = 330 - 328. Let c(m) = 150*m**3 - 2*m**2 + 7. Is c(p) prime?
False
Let d(w) = -4*w**3 - 2*w**2 + 5*w + 15. Let g be d(8). Let b = -5737 - -9835. Let l = b + g. Is l a prime number?
False
Let q(g) = -5*g + 39. Let f be q(7). Suppose 4*b + 5*t - 65440 = 0, -f*b + 81800 = b + t. Suppose 6*d - b = -2*d. Is d prime?
False
Let y = 55040 - 25021. Is y composite?
True
Let g(i) be the third derivative of 1/6*i**4 - 7/30*i**5 + 0*i + 0 + 7/6*i**3 - 14*i**2 - 1/40*i**6. Is g(-6) a prime number?
True
Let v = -188873 - -341440. Is v prime?
True
Suppose -20*z = -34*z - 83790. Is 6 + -13 + 3 - z prime?
True
Let m be -1*(-1 + 0) + 6. Let n(h) = -8*h**2 - 4*h - 1. Let t be n(m). Let x = 738 + t. Is x a composite number?
False
Is ((-1008404)/14)/(40/(-140)) a composite number?
False
Let w = 441 - 446. Is ((-1)/(-3))/(((-20)/122868)/w) a prime number?
False
Let r = 258938 + -158659. Is r a prime number?
True
Suppose 4*z - 2*v - 48 = 0, -4*v = -11 + 3. Suppose 10*s = z*s - 72. Is (1527/4)/(6/s) a prime number?
False
Let z(w) = -985*w**3 - 8*w**2 - 8*w + 34. Let p be z(4). Let x = p - -92547. Is x composite?
True
Suppose -8*c + 10*c = 12*c - 546430. Is c composite?
True
Let i(g) = 2*g**3 + 11*g**2 - 8*g - 28. Let t be i(-6). Is (-2)/(2/(-465)) + t + 20 a prime number?
False
Suppose 46487966 = 294*v - 2700880. Is v prime?
True
Let x = 462 - 463. Is (2062 - (-11 - -10)) + 0/x a prime number?
True
Is 680/204*(-6)/(-4)*754022/10 composite?
False
Suppose 156 = -2*j + 8*j. Let i = 25 - j. Is i/(38202/25476 + (-6)/4) prime?
False
Let m(h) = 15*h**2 - 17*h - 51. Is m(29) a composite number?
False
Let k = 50061 